0/(-2286)*3/(-4) a composite number?
True
Suppose 282*q - 278*q - 326271 = -m, 0 = -6*m - 3*q + 1957521. Is m prime?
True
Suppose 24805 = -9*l + 10*l + 2*n, 4*l - 3*n = 99132. Is l composite?
True
Suppose 0*o - 2*o = 3*q - 26, -3*o = -4*q + 12. Suppose -q = -2*f, u = -4*f + 5*f - 1. Suppose -u*p - 2007 = -11*p. Is p composite?
False
Is 1*26296 + ((-10)/(-20)*-2 - 4) prime?
False
Suppose u = -4*v + 297962, 0 = 5*v + 7*u - 3*u - 372469. Is v prime?
True
Let n be 5/(20/42)*2 + -5. Suppose -k - n = -159. Is k a prime number?
False
Let p = -416077 + 1227144. Is p composite?
False
Let g(a) = 38390*a**2 + 206*a + 421. Is g(-2) a prime number?
False
Suppose -1 + 3 = q. Let i(p) be the second derivative of 37*p**4/6 - p**3/6 - p**2/2 + 2*p. Is i(q) prime?
True
Let m = 323 + -330. Is 11/((-462)/(-133998)) + (-4)/m a composite number?
False
Let a(i) = -132*i**3 + 60*i**2 - 110*i + 69. Is a(-20) a prime number?
False
Let v(j) = j**3 - 5*j**2 - 3*j + 8. Let p be v(7). Let u = p + -82. Is (350/(-75))/(u/(1206/(-4))) composite?
True
Let n = -65 - 16. Let c = 145 + n. Let d = c + -58. Is d prime?
False
Suppose 0 = 10*q - 14*q + 12. Let r be (-3 - -1 - 0) + 849 - q. Suppose 4*y = -4*v + r, 0*v - 633 = -3*v - 4*y. Is v prime?
True
Suppose 3 = -3*d, -140613 = 3*g + 4*d - 961991. Is g composite?
True
Suppose 37*z - 2471 = -39*z + 75*z. Is z a prime number?
False
Suppose -2*n + 580 = 3*m + 632, -3*n = -2*m + 65. Let y(b) = -2*b**3 + 3*b**2 + b + 4. Let g be y(-3). Let j = n + g. Is j a composite number?
False
Let n = 116072 - -230565. Is n prime?
False
Suppose 0 = -2*x + 1817 - 1803. Is -17497*(x + -12 + 4) a prime number?
True
Let n(h) = 116499*h + 433. Is n(2) a prime number?
False
Suppose -5*b = 290 - 1360. Suppose -212*g + b*g - 14042 = 0. Suppose 3*r + 4*r - g = 0. Is r prime?
False
Let v(q) = 117885*q + 68. Is v(5) a prime number?
True
Let b(f) = -523*f - 37. Let a be b(-8). Suppose 13*x = -0*x + a. Is x a prime number?
False
Let n be (-4)/18 + (-170)/45. Is -124*((-5)/n - (-76)/(-19)) a composite number?
True
Let v(d) = -124*d + 23. Let z = -9 - 7. Let j = z + 2. Is v(j) a prime number?
True
Let h(z) = -z**2 - 223*z + 8475. Is h(-189) prime?
False
Suppose -14385302 = -17*s - 4115993. Is s a prime number?
False
Let u(o) = 8*o**3 + 5*o**2 + 26*o + 11. Let m be u(11). Suppose 4*w = -2*b + m, -w + 15*b = 11*b - 2865. Is w a composite number?
True
Let o be 2/(-9) - (-340480)/288. Let r = o + 2567. Is r a prime number?
False
Suppose 16 - 1 = -5*b. Let i be (2/b)/(4/6) + 12. Let k(h) = 33*h**2 - 16*h + 4. Is k(i) prime?
True
Suppose -3*n = 8 - 104. Suppose -10*k + 689 = -23*k. Let q = n - k. Is q a composite number?
True
Suppose 13*z - 13065 - 4628 = 0. Is z prime?
True
Is (-748)/(15554/(-1726) - -9) + 6/10 prime?
True
Let p(k) = -4*k - 6. Let z = 72 + -74. Let a be p(z). Suppose 0 = -5*c + a*t + 4537, 2*t + 4540 = 5*c - 3*t. Is c a prime number?
True
Is 30/(-375) + (-277854)/(-50) a prime number?
True
Is (-2 - 64/(-24))*(2623439/14 - 4) prime?
False
Suppose -41*o + 2279365 = 21*o - 7*o. Is o a composite number?
False
Suppose c - 423 = 4*f, -366 = -4*c - 5*f + 1221. Suppose -c*g = -407*g + 7108. Is g composite?
False
Let g = 3703 + -19468. Let m = 30760 + g. Is m prime?
False
Suppose -711*i + 713*i - 327946 = 0. Is i a composite number?
False
Suppose 6*s = 5*s + 2636 + 11145. Is s a prime number?
True
Suppose -2*m - 127 = -143. Suppose 2610 = 4*v + 5*y, m = -2*y - 2*y. Is v composite?
True
Suppose -4*o = 2*o - 24. Suppose -4*n + v = -34182, o*n + v - 42956 = -8778. Is n a composite number?
True
Is (2/(-10))/((-317)/463496795) prime?
True
Let r = 6 - 6. Suppose r = -u + 96 + 159. Suppose -o + 278 = -u. Is o composite?
True
Suppose -7*h + 12*h = -5*y + 110, -5*y = -4*h - 65. Suppose -452222 = -y*a - 122133. Is a composite?
False
Suppose 2*b - 670 = -2056. Let h = 3836 + b. Is h prime?
False
Suppose -5*b + 4*g = 0, 0 = -3*b + 19*g - 14*g + 13. Is 1/(((-3)/(-2748))/(b/(-8))) prime?
False
Let n be 3/21 + (-44)/14. Let u(l) be the third derivative of 17*l**5/15 - 7*l**4/24 - 2*l**3/3 - 12*l**2 + 3*l. Is u(n) a composite number?
True
Suppose i + m - 39 = 0, 5*m - 43 = -2*i + 26. Suppose -23 = -5*o + i. Is (89*-46)/(11 - o) a composite number?
True
Let x = 322 - 302. Is 5574/9*210/x a composite number?
True
Is 2/(126/33572907) - 28/98 a prime number?
False
Let s = -33 + 37. Let y be (s + 1302/4)*-2. Let j = y - -1158. Is j a prime number?
True
Let a(k) = 3*k + 2. Let n be a(-2). Let h be 1181 + (-2 - n - -2). Suppose -2*f - 443 + h = 0. Is f prime?
False
Let l = -161 - -163. Suppose l*f - 8*a = -9*a + 13037, -2*f + 13027 = 3*a. Is f a prime number?
True
Suppose 276*p - 149309108 = -174*p + 46*p. Is p a prime number?
False
Let x = -137100 + 207946. Is x prime?
False
Suppose g - 2*q + 0*q - 20 = 0, -5*g + 40 = 2*q. Suppose -15*s + 295 = -g*s. Is s a composite number?
False
Suppose 855209 = 17*z - 1318751. Is z/80 - 3/2 prime?
True
Let l(z) = 76*z + 2 + 97*z + 13. Let r be 1647/244 + ((-1)/(-4) - -1). Is l(r) a prime number?
True
Let i(l) = l**3 + 3*l**2 - 33*l + 29. Let k be i(15). Let p = k + -421. Is p composite?
False
Suppose -2 = -3*n + n, -3*n + 58 = 5*b. Let z(d) be the third derivative of d**6/120 - d**5/20 - d**4/3 + 9*d**3/2 + 96*d**2. Is z(b) prime?
True
Suppose -10921 = -s + 3*b, 2*s - s - 10921 = -3*b. Is s composite?
True
Suppose -69*r - 12*r - 6*r = -4858167. Is r a composite number?
True
Let v be ((-6)/7)/(27/(-63)). Suppose -v*f - 2*f + 356 = 0. Is f a prime number?
True
Let v = 143 - 138. Suppose v*s - 16930 = 5*m, 4*m = 4*s - 8*s + 13544. Is s prime?
False
Suppose 4*r - 8 = 0, -2*a - 2*a = 3*r - 10. Let s = 5 - a. Suppose -7*q + 3*q = y - 655, s*q = 4*y + 640. Is q a composite number?
False
Let x(p) = 2*p**3 + 2*p**2 - 16*p - 9. Let o = 56 - 49. Let f be x(o). Is f/(-2)*-4*(-4)/(-24) a prime number?
False
Suppose 6 + 43 = 7*i. Suppose -19531 = -i*b - 4278. Is b prime?
True
Let l = -18863 - -29052. Is l a prime number?
False
Suppose -4*c + 902 = -s - 830, -c = 4*s + 7013. Let z(h) = 10*h**2 + 33*h - 27. Let p be z(-20). Let i = s + p. Is i a prime number?
False
Let q(d) = 35*d - 746. Is q(24) prime?
False
Let x(y) = 702*y + 34. Let j be x(8). Let a = j - 3176. Suppose a = v - 2871. Is v composite?
True
Let r be (-9)/(-5) - 4/(-20). Suppose -r*c + 5883 = 157. Is c composite?
True
Suppose -3*k + 0*o = o - 13, 4*k = -5*o + 32. Suppose -i + 1 - 6 = -w, w = 5*i - k. Suppose -2*b + 740 = 2*x, -w*b + 2*b = -4*x - 1859. Is b composite?
True
Is ((-606593)/12 + (-1)/(-6))*6360/(-954) a composite number?
True
Is 159801 + (-13)/(52/64) a composite number?
True
Let p(r) = -43582*r - 1117. Is p(-3) composite?
False
Let s(n) = -10*n + 22. Let j be s(-9). Let c = j + -88. Is (69584/c)/((-4)/(-6)) a prime number?
True
Let f be (13 + (-324)/24)/((-2)/(-4)). Is 32442/36 - f/(-6) a composite number?
True
Let h(i) = -22359*i + 3 + 22365*i + 51*i**2 + 4. Is h(10) a prime number?
True
Let u(a) = -11094*a + 1795. Is u(-4) composite?
False
Let f(u) = -u**3 + 20*u**2 - 6*u + 63. Let j be f(23). Let v = j + 2401. Is v composite?
False
Let d = 88 - 26. Let y = d + -252. Is (y/30)/(2/(-42)) a composite number?
True
Is 465/651 - 9429792/(-28) composite?
True
Let s = -81 - -1136. Is s a composite number?
True
Suppose u - 3*t = 91736, -2*t + 114856 = u + 23125. Is u composite?
False
Suppose -3*v + 1076564 = x, -5*x - v = -5316210 - 66540. Is x a prime number?
False
Suppose 18 = -2*p + 4*i - 8, -5*i = -p - 28. Let k be ((-21)/(-6) - 3)*(p - -7). Is (3/9)/((-1335)/(-666) - k) a prime number?
False
Suppose 65138 = d + 16858. Suppose 5*x - d = -b, 2*x + 32*b = 36*b + 19290. Is x a composite number?
True
Suppose -48313 = -2*r - 3*l, 4*r - 3*l = 49946 + 46707. Is r a composite number?
True
Let z(g) be the third derivative of 5/6*g**3 + 0*g - 487/12*g**4 - 4*g**2 + 0. Is z(-1) composite?
True
Is 1 + ((-4)/7 - (87253408/(-77))/16) a prime number?
True
Let j(u) = 11*u**3 - 8*u**2 + 10*u + 5. Let p(v) = -3*v - 15. Let k be p(-7). Is j(k) composite?
False
Let u(n) be the second derivative of -2*n**3/3 - 3*n**2/2 + 14*n. Let r be u(-2). Is (3 - 2)*1*635/r composite?
False
Let k = 66 + -64. Let t be k + 2 + 0/(-2). Suppose -183 + 979 = t*o. Is o a composite number?
False
Let k(x) = -2*x**3 - 81*x